{"id":582,"date":"2025-01-23T20:39:19","date_gmt":"2025-01-23T20:39:19","guid":{"rendered":"https:\/\/csmdekor.hu\/?page_id=582"},"modified":"2025-01-27T21:21:01","modified_gmt":"2025-01-27T21:21:01","slug":"rendeles","status":"publish","type":"page","link":"https:\/\/csmdekor.hu\/?page_id=582","title":{"rendered":"Rendel\u00e9s"},"content":{"rendered":"\n\n<div class=\"wp-block-columns is-layout-flex wp-container-core-columns-is-layout-9d6595d7 wp-block-columns-is-layout-flex\">\n<div class=\"wp-block-column is-layout-flow wp-block-column-is-layout-flow\">\n<h3><\/h3>\n<\/div>\n\n\n\n<div class=\"wp-block-column is-layout-flow wp-block-column-is-layout-flow\">\n<div class=\"wp-block-columns is-layout-flex wp-container-core-columns-is-layout-9d6595d7 wp-block-columns-is-layout-flex\">\n<div class=\"wp-block-column is-layout-flow wp-block-column-is-layout-flow\"><\/div>\n\n\n\n<div class=\"wp-block-column is-layout-flow wp-block-column-is-layout-flow\"><\/div>\n\n\n\n<div class=\"wp-block-column is-layout-flow wp-block-column-is-layout-flow\"><\/div>\n<\/div>\n<\/div>\n\n\n\n<div class=\"wp-block-column is-layout-flow wp-block-column-is-layout-flow\">\n<p>Tel.: +36 30 109 6448<br>Mail: csm.dekor@gmail.com<\/p>\n<\/div>\n<\/div>\n\n\n\n\n\n\n\n\n\n<div class=\"wp-block-column is-layout-flow wp-block-column-is-layout-flow\"><\/div>\n\n\n\n<div class=\"wp-block-columns is-layout-flex wp-container-core-columns-is-layout-9d6595d7 wp-block-columns-is-layout-flex\">\n<div class=\"wp-block-column is-vertically-aligned-stretch is-layout-flow wp-block-column-is-layout-flow\">\n<p>Lorem Ipsum has been the industry&#8217;s standard dummy text ever since the 1500s.<\/p>\n<\/div>\n\n\n\n<div class=\"wp-block-column is-layout-flow wp-block-column-is-layout-flow\">\n<p>Hogyan rendelj festm\u00e9nyt?<\/p>\n\n\n\n<div class=\"wp-block-group\"><div class=\"wp-block-group__inner-container is-layout-constrained wp-block-group-is-layout-constrained\">\n<div class=\"wp-block-columns is-layout-flex wp-container-core-columns-is-layout-9d6595d7 wp-block-columns-is-layout-flex\">\n<div class=\"wp-block-column is-layout-flow wp-block-column-is-layout-flow\" style=\"flex-basis:100%\"><\/div>\n<\/div>\n<\/div><\/div>\n\n\n\n<p>1. Vedd fel velem a kapcsolatot a fent tal\u00e1lhat\u00f3 telefonsz\u00e1mon, email c\u00edmen, vagy a\u00a0social\u00a0media\u00a0el\u00e9rhet\u0151s\u00e9geim egyik\u00e9n.<br>2. Miut\u00e1n ez megt\u00f6rt\u00e9nt, helysz\u00edni\u00a0felm\u00e9r\u00e9st tartok mert fontos, hogy szem\u00e9lyesen is l\u00e1ssam az esetleges hib\u00e1kat a fel\u00fcleten illetve, hogy milyen el\u0151k\u00e9sz\u00edt\u00e9st ig\u00e9nyel a fest\u00e9s. Ez pest v\u00e1rmegy\u00e9n bel\u00fcl ingyenes. Azon k\u00edv\u00fcl pedig megbesz\u00e9l\u00e9s k\u00e9rd\u00e9se, de legt\u00f6bb esetben a kell\u0151 inform\u00e1ci\u00f3k birtok\u00e1ban erre nincs sz\u00fcks\u00e9g.<br>3. Azut\u00e1n, hogy felm\u00e9rtem a fel\u00fcletet megbesz\u00e9lj\u00fck a nagyj\u00e1b\u00f3l az\u00a0elk\u00e9pzel\u00e9seket \u00e9s adok egy el\u0151zetes \u00e1raj\u00e1nlatot, arra vonatkoz\u00f3an milyen \u00e1rkateg\u00f3ri\u00e1ba tartozik a fest\u00e9s.<br>4. Amikor az el\u0151zetes \u00e1raj\u00e1nlat az \u00fcgyf\u00e9l r\u00e9sz\u00e9r\u0151l is megfelel\u0151 egy megbesz\u00e9lt id\u0151pontra elkezd\u0151dik a tervez\u00e9si f\u00e1zis. Ez\u00a0maximum\u00a03db\u00a0ingyenes l\u00e1tv\u00e1nyterv m\u00f3dos\u00edt\u00e1st tartalmaz mag\u00e1ban esetleges tov\u00e1bbi m\u00f3dos\u00edt\u00e1sok \u00e1ra megbesz\u00e9l\u00e9s t\u00e1rgy\u00e1t k\u00e9pezi.<br>5. Elk\u00e9sz\u00fclt a terv \u00e9s az \u00fcgyf\u00e9l is j\u00f3v\u00e1hagyta. Akkor egy pontos v\u00e9g\u00f6sszeggel fix\u00e1ljuk a megrendel\u00e9st, ( Ez az \u00f6sszeg term\u00e9szetesen az el\u0151zetesen adott \u00e1rkateg\u00f3ri\u00e1n bel\u00fcl helyezkedik el)<br>6. Miut\u00e1n ezek is megvannak, egy k\u00f6z\u00f6sen egyeztetett id\u0151pontra fix\u00e1ljuk a fest\u00e9s kivitelez\u00e9s\u00e9t.<br>7. Fontos, hogy a 200.000ft feletti rendel\u00e9sek eset\u00e9n el\u0151leg sz\u00fcks\u00e9ges amely \u00f6sszege egyeztet\u00e9s alapj\u00e1n t\u00f6rt\u00e9nik.<br>8. Ezek ut\u00e1n nincs m\u00e1s h\u00e1tra csak\u00a0a megrendel\u00e9s elk\u00e9sz\u00edt\u00e9se, majd a munka \u00e1tv\u00e9tele az \u00fcgyf\u00e9l r\u00e9sz\u00e9r\u0151l.<br>9. Minden a legnagyobb rendben lezajlik! Mert az el\u00e9gedett \u00fcgyf\u00e9l a j\u00f3 \u00fcgyf\u00e9l! \ud83d\ude42<\/p>\n<\/div>\n<\/div>\n\n\n\n","protected":false},"excerpt":{"rendered":"","protected":false},"author":1,"featured_media":0,"parent":0,"menu_order":0,"comment_status":"closed","ping_status":"closed","template":"","meta":{"pagelayer_contact_templates":[],"_pagelayer_content":"","_monsterinsights_skip_tracking":false,"_monsterinsights_sitenote_active":false,"_monsterinsights_sitenote_note":"","_monsterinsights_sitenote_category":0,"footnotes":""},"class_list":["post-582","page","type-page","status-publish","hentry"],"yoast_head":"<!-- This site is optimized with the Yoast SEO plugin v22.3 - https:\/\/yoast.com\/wordpress\/plugins\/seo\/ -->\n<title>Rendel\u00e9s - csmdekor<\/title>\n<meta name=\"robots\" content=\"index, follow, max-snippet:-1, max-image-preview:large, max-video-preview:-1\" \/>\n<link rel=\"canonical\" href=\"https:\/\/csmdekor.hu\/?page_id=582\" \/>\n<meta property=\"og:locale\" content=\"hu_HU\" \/>\n<meta property=\"og:type\" content=\"article\" \/>\n<meta property=\"og:title\" content=\"Rendel\u00e9s - csmdekor\" \/>\n<meta property=\"og:url\" content=\"https:\/\/csmdekor.hu\/?page_id=582\" \/>\n<meta property=\"og:site_name\" content=\"csmdekor\" \/>\n<meta property=\"article:modified_time\" content=\"2025-01-27T21:21:01+00:00\" \/>\n<meta name=\"twitter:card\" content=\"summary_large_image\" \/>\n<meta name=\"twitter:label1\" content=\"Becs\u00fclt olvas\u00e1si id\u0151\" \/>\n\t<meta name=\"twitter:data1\" content=\"2 perc\" \/>\n<script type=\"application\/ld+json\" class=\"yoast-schema-graph\">{\"@context\":\"https:\/\/schema.org\",\"@graph\":[{\"@type\":\"WebPage\",\"@id\":\"https:\/\/csmdekor.hu\/?page_id=582\",\"url\":\"https:\/\/csmdekor.hu\/?page_id=582\",\"name\":\"Rendel\u00e9s - csmdekor\",\"isPartOf\":{\"@id\":\"https:\/\/csmdekor.hu\/#website\"},\"datePublished\":\"2025-01-23T20:39:19+00:00\",\"dateModified\":\"2025-01-27T21:21:01+00:00\",\"breadcrumb\":{\"@id\":\"https:\/\/csmdekor.hu\/?page_id=582#breadcrumb\"},\"inLanguage\":\"hu\",\"potentialAction\":[{\"@type\":\"ReadAction\",\"target\":[\"https:\/\/csmdekor.hu\/?page_id=582\"]}]},{\"@type\":\"BreadcrumbList\",\"@id\":\"https:\/\/csmdekor.hu\/?page_id=582#breadcrumb\",\"itemListElement\":[{\"@type\":\"ListItem\",\"position\":1,\"name\":\"Home\",\"item\":\"https:\/\/csmdekor.hu\/\"},{\"@type\":\"ListItem\",\"position\":2,\"name\":\"Rendel\u00e9s\"}]},{\"@type\":\"WebSite\",\"@id\":\"https:\/\/csmdekor.hu\/#website\",\"url\":\"https:\/\/csmdekor.hu\/\",\"name\":\"csmdekor\",\"description\":\"csmdekor\",\"potentialAction\":[{\"@type\":\"SearchAction\",\"target\":{\"@type\":\"EntryPoint\",\"urlTemplate\":\"https:\/\/csmdekor.hu\/?s={search_term_string}\"},\"query-input\":\"required name=search_term_string\"}],\"inLanguage\":\"hu\"}]}<\/script>\n<!-- \/ Yoast SEO plugin. -->","yoast_head_json":{"title":"Rendel\u00e9s - csmdekor","robots":{"index":"index","follow":"follow","max-snippet":"max-snippet:-1","max-image-preview":"max-image-preview:large","max-video-preview":"max-video-preview:-1"},"canonical":"https:\/\/csmdekor.hu\/?page_id=582","og_locale":"hu_HU","og_type":"article","og_title":"Rendel\u00e9s - csmdekor","og_url":"https:\/\/csmdekor.hu\/?page_id=582","og_site_name":"csmdekor","article_modified_time":"2025-01-27T21:21:01+00:00","twitter_card":"summary_large_image","twitter_misc":{"Becs\u00fclt olvas\u00e1si id\u0151":"2 perc"},"schema":{"@context":"https:\/\/schema.org","@graph":[{"@type":"WebPage","@id":"https:\/\/csmdekor.hu\/?page_id=582","url":"https:\/\/csmdekor.hu\/?page_id=582","name":"Rendel\u00e9s - csmdekor","isPartOf":{"@id":"https:\/\/csmdekor.hu\/#website"},"datePublished":"2025-01-23T20:39:19+00:00","dateModified":"2025-01-27T21:21:01+00:00","breadcrumb":{"@id":"https:\/\/csmdekor.hu\/?page_id=582#breadcrumb"},"inLanguage":"hu","potentialAction":[{"@type":"ReadAction","target":["https:\/\/csmdekor.hu\/?page_id=582"]}]},{"@type":"BreadcrumbList","@id":"https:\/\/csmdekor.hu\/?page_id=582#breadcrumb","itemListElement":[{"@type":"ListItem","position":1,"name":"Home","item":"https:\/\/csmdekor.hu\/"},{"@type":"ListItem","position":2,"name":"Rendel\u00e9s"}]},{"@type":"WebSite","@id":"https:\/\/csmdekor.hu\/#website","url":"https:\/\/csmdekor.hu\/","name":"csmdekor","description":"csmdekor","potentialAction":[{"@type":"SearchAction","target":{"@type":"EntryPoint","urlTemplate":"https:\/\/csmdekor.hu\/?s={search_term_string}"},"query-input":"required name=search_term_string"}],"inLanguage":"hu"}]}},"_links":{"self":[{"href":"https:\/\/csmdekor.hu\/index.php?rest_route=\/wp\/v2\/pages\/582","targetHints":{"allow":["GET"]}}],"collection":[{"href":"https:\/\/csmdekor.hu\/index.php?rest_route=\/wp\/v2\/pages"}],"about":[{"href":"https:\/\/csmdekor.hu\/index.php?rest_route=\/wp\/v2\/types\/page"}],"author":[{"embeddable":true,"href":"https:\/\/csmdekor.hu\/index.php?rest_route=\/wp\/v2\/users\/1"}],"replies":[{"embeddable":true,"href":"https:\/\/csmdekor.hu\/index.php?rest_route=%2Fwp%2Fv2%2Fcomments&post=582"}],"version-history":[{"count":73,"href":"https:\/\/csmdekor.hu\/index.php?rest_route=\/wp\/v2\/pages\/582\/revisions"}],"predecessor-version":[{"id":1627,"href":"https:\/\/csmdekor.hu\/index.php?rest_route=\/wp\/v2\/pages\/582\/revisions\/1627"}],"wp:attachment":[{"href":"https:\/\/csmdekor.hu\/index.php?rest_route=%2Fwp%2Fv2%2Fmedia&parent=582"}],"curies":[{"name":"wp","href":"https:\/\/api.w.org\/{rel}","templated":true}]}}